git of (-66 - (0 - -2))*4/(-1)?
2
Let w(r) = -r**3 + 7*r**2 + 3. Let q be w(7). Suppose 84 + q = 3*l. Suppose 3*j - m = m + l, -52 = -4*j - 4*m. What is the units digit of j?
1
Suppose 0 = 3*g + g - 180. What is the units digit of g?
5
Let f(s) = 5 - 1 - 2 + s. Suppose 0*m - 8 = -2*w + 2*m, -3*m + 8 = 2*w. What is the units digit of f(w)?
6
Let f(b) = 3*b**3 - 3*b - 2. What is the tens digit of f(3)?
7
Suppose 0 = 3*o - 0*o - 15. Let l(p) = p - 9. Let d be l(7). Let h = d + o. What is the units digit of h?
3
Let d(x) = x**3 + x + 66. Let i be d(0). Suppose l + i = 5*o - 0*o, 0 = l + 1. What is the tens digit of o?
1
Let w = -14 + 43. What is the units digit of w?
9
Let c = 8 + -6. Let a be (-2)/c*-1*3. Suppose -a*q + 6 = -2*u - u, -2*u - 13 = -5*q. What is the units digit of q?
3
Let w(y) = 3*y**2 + 2*y. Let n be w(-3). Suppose 0 = 3*t - 0 - n. What is the units digit of t?
7
What is the tens digit of ((-2)/5)/((-6)/60) - -19?
2
Let o(z) = 5*z - 2. Let g be o(1). Suppose 0 = g*u - 27 - 36. What is the units digit of u?
1
Let p be 3*(1 - 0/2). Suppose -o + 4*r = -2*o + 30, -p*r = -5*o + 35. What is the tens digit of o?
1
What is the tens digit of 118/8 - 3/4?
1
Let y be 3 + (0 - 3) - -27. Suppose h + 14 = 3*h. Let q = y - h. What is the tens digit of q?
2
Let j = 6 - 4. Let r be (-32)/(-20) + j/5. Suppose 7*i - 3*i + r = u, 0 = 3*i - 9. What is the units digit of u?
4
Let i(a) = a - 9. Let n be i(11). Suppose 30 = n*g + 3*y, 2*g - 3*y = -g + 60. Suppose k + 2 = g. What is the units digit of k?
6
Suppose -d + 4*d = 12. What is the units digit of d?
4
Let g be 23/7 + 2/(-7). Suppose g*m - 38 = m. Let c = -7 + m. What is the tens digit of c?
1
Suppose 0 = -4*s + 8 + 4. Suppose 0 = s*v - 7*v. Suppose v = 3*h - 2 - 7. What is the units digit of h?
3
Suppose -160 = 4*o - 9*o. What is the units digit of o?
2
Let k be (-2 - -2)*1/2. What is the units digit of 6*(-2)/(-3) + k?
4
Let r(k) = -3*k - 11. What is the tens digit of r(-16)?
3
What is the hundreds digit of 152 - -6 - 2*2?
1
Suppose 105 = -f + 2*f. Suppose -2*o = -2*r - 3*r - f, 123 = 3*o + 4*r. What is the units digit of o?
5
What is the tens digit of 1 - (-13)/((-4)/(-4))?
1
Suppose 0*j + j = t - 7, 2*j - t + 10 = 0. Let z(f) = -f + 1. What is the units digit of z(j)?
4
Suppose -a + 5 = -0*a. Suppose -3*u - a*d = 5, -2*u - 3*u + d = -1. Suppose -5*p + 40 = -u*p. What is the units digit of p?
8
Suppose -3*o + 78 + 66 = 0. Let j = o - 16. Let p = -22 + j. What is the tens digit of p?
1
Let l be (-2 - -2 - -1)*8. What is the units digit of (6/(-8))/((-2)/l)?
3
Let n(y) = -y**3 - y + 35. Let m = 12 + -12. What is the units digit of n(m)?
5
Let w = 91 + -166. Let r be 4/6*w/10. What is the units digit of (r + 1)*8/(-16)?
2
Let h(z) = -5*z**3 - 4*z**2 - 2*z - 5. What is the tens digit of h(-3)?
0
Suppose -108 = 2*x - 5*c, 4*x + 5*c + 83 = -133. What is the units digit of 6/(-15)*(x - 6)?
4
Let d(z) be the first derivative of -1/3*z**3 + 1 + 5*z + 1/2*z**2. What is the units digit of d(0)?
5
Let x(v) = -v**2 + 7*v + 9. Let m be x(7). Let f = m + -5. What is the units digit of f?
4
Let y(u) = 5*u**2 + u - 2. What is the units digit of y(5)?
8
Let r(u) = -u**3 + 4*u**2 + u - 1. Suppose 7 = 3*f - 5. Let n be r(f). Suppose -2*b - 13 = -n*b. What is the tens digit of b?
1
Let y(t) = -t**2 - 8*t + 7. Suppose 3*z - 8*z - 3*k = 33, -4*z = -2*k + 44. Let o be y(z). Let a(n) = n**3 + 2*n**2 - 4*n - 3. What is the units digit of a(o)?
5
Let v(q) = 5*q - 50. What is the tens digit of v(14)?
2
Suppose -42 = -6*i + 4*i. Suppose -2*o + i = -2*z - z, -3*o - 4*z = -6. What is the units digit of o?
6
What is the hundreds digit of (-2)/1*151/(-2)?
1
Suppose 6*g - 6 = -0*g. What is the units digit of g?
1
What is the tens digit of 60/3*(-56)/(-20)?
5
Let d(x) = -4*x**2 - 6*x - 9. Let b(n) = 2*n**2 + 3*n + 4. Let j(v) = 7*b(v) + 3*d(v). Let g be j(-2). Suppose -6*p + g*p = -24. What is the units digit of p?
8
Let s = -7 - -49. What is the tens digit of s?
4
Let j = 148 + -84. What is the tens digit of j?
6
Suppose 3*p + p = -3*v + 375, 0 = 5*v - 25. What is the tens digit of p?
9
Let w be (-198)/(-12)*2/3. Suppose -3*u + 19 = -w. Let j = -7 + u. What is the units digit of j?
3
Suppose -2*x + x = -6. Let g = x + -10. Let y = -1 - g. What is the units digit of y?
3
Let b(h) = -h + 18. Let z be 18*-2*3/(-18). What is the units digit of b(z)?
2
What is the tens digit of (-5 - 1)/(24/(-128))?
3
Let z = 116 - 15. What is the tens digit of z?
0
What is the hundreds digit of ((-214)/16*2)/(65/(-260))?
1
Suppose -4*o - n + 20 = 0, -2*o - 4*n + 28 = o. Suppose 22 = 5*f + 2. Suppose 10*q - f*s - 65 = 5*q, q = -o*s - 11. What is the units digit of q?
9
Let o(z) = -z**3 - 2*z**2 - 4. Let c be o(-3). Suppose 6 = c*d - 2*d. What is the units digit of (-3)/5*(d + -7)?
3
Suppose y - 2*f - 1246 = -2*y, 3*y = -4*f + 1234. What is the tens digit of 1/((-3)/y*-3)?
4
Suppose d = -d. Let a = 1 + d. Let t = a - -5. What is the units digit of t?
6
Suppose -15 = 3*u, 0 = -3*r + r + u + 417. What is the hundreds digit of r?
2
Let g(c) = -c**3 + c**2 - 1. Let s(k) = -2*k**3 - 7*k**2 + k + 5. Let v(y) = g(y) - s(y). What is the units digit of v(-8)?
2
What is the units digit of 36/8*(-16)/(-12)?
6
Let v(n) be the first derivative of -3*n**2/2 - n - 3. What is the tens digit of v(-5)?
1
Suppose 0 = -v + 3*v - 12. Suppose a - 5*r + 25 = 6*a, 0 = 2*r - v. Suppose -2*k = -20 + a. What is the units digit of k?
9
Let v be (-186)/(-8) + 9/12. Suppose 6*b = -c + 3*b + 6, 2*b = -4*c + v. Suppose 21 = 5*u + c. What is the units digit of u?
3
Let h(l) = -11*l. Let d be h(-6). Suppose -2*b = 3*p - 46, -p = -5*p + 2*b + d. What is the units digit of p?
6
Let m be 8/(-6)*(-12)/(-8). Suppose 4*a = 3*o - 23, 9 = o - a + 2. Let n = o + m. What is the units digit of n?
3
Let s = -44 + 88. What is the tens digit of s?
4
Let h(g) = -g**3 - 7*g**2 - 13*g - 8. What is the units digit of h(-6)?
4
Suppose -3*h + 5*s + 595 = 0, -6*h + 5*s + 800 = -2*h. What is the tens digit of h?
0
Suppose 5*r + 181 = -4. Let m = r - -65. What is the units digit of m?
8
Suppose -872 = 6*l - 10*l. What is the tens digit of l?
1
Suppose -3*g + 22 = -5. What is the units digit of g?
9
Let t be 3*(-1)/(-3)*16. Let a = t + -11. What is the units digit of a?
5
Let h(j) = -j**3 + 5*j**2 + 7*j + 8. What is the tens digit of h(6)?
1
Let y be (-2)/6 + (-20)/3. Let a(t) = -t**2 - 11*t - 10. Let x(r) = -2. Let z(l) = a(l) - 2*x(l). What is the units digit of z(y)?
2
Let a be 4/6 + 38/(-3). Let z(h) = h**3 + 7*h**2 + 6*h + 2. Let x be z(-5). Let t = x + a. What is the tens digit of t?
1
Let d(w) = -w**2 + 9*w - 8. Let o be d(8). Suppose f = 4 - o. Suppose -1 = f*i - 17. What is the units digit of i?
4
Suppose 2*f - 10 = -54. Let p = f + 9. Let t = 24 + p. What is the tens digit of t?
1
Let x(n) = -24*n**3 + 5*n**2 + 7*n - 5. Let t(f) = f**2 + f - 1. Let z(j) = -6*t(j) + x(j). What is the units digit of z(-1)?
3
Let a be -42*(1 + (3 - 5)). Suppose -2*c = 2*c + 2*j - 86, 2*j - a = -2*c. Let i = c - 12. What is the units digit of i?
0
Let f(u) = -3*u - 6. Let s(b) = -1. Let y(m) = -f(m) + 5*s(m). Let c be y(-3). What is the units digit of (-70)/c - (-2)/8?
9
What is the tens digit of (-15)/(225/(-3520)) - (-8)/6?
3
Let c = -27 - -55. What is the units digit of c?
8
Let j be 19/5 + 7/35. Suppose j*k = k - 30. Let l = 28 + k. What is the tens digit of l?
1
Let s be (0 - -1)/((-3)/21). Suppose 20 = -5*k, -5*l - 2*k = -3 - 39. Let u = s + l. What is the units digit of u?
3
Suppose -3*m - 33 = -4*m. What is the units digit of m?
3
Let r be 2/6*(6 - 0). What is the units digit of 3*(1 - (r + -2))?
3
Let a = -10 + 31. Suppose -4*m - a = -m. What is the units digit of (-33)/m - (-18)/63?
5
Let w = 23 - 14. What is the tens digit of 2/w + (-115)/(-9)?
1
Suppose 5*w - 12*g + 8*g - 588 = 0, -w - 2*g = -126. What is the tens digit of w?
2
Suppose -3*h - 172 = -5*h + 2*p, -438 = -5*h + 3*p. What is the units digit of h?
0
Suppose 0*q + 3*q - 171 = 4*d, 0 = 5*q + 2*d - 285. What is the tens digit of q?
5
Let c(r) = -4 - 4 - 3 + 6*r + r**2. Let w be c(-8). Suppose w*m = -2*n + 16, 3*m + n = 6 + 3. What is the units digit of m?
2
Suppose -4*r = -9*r + 645. What is the hundreds digit of r?
1
Suppose 2 + 3 = v. Suppos